{"id":56,"date":"2020-01-07T14:56:22","date_gmt":"2020-01-07T13:56:22","guid":{"rendered":"http:\/\/2020.sadlo.eu\/?page_id=56"},"modified":"2021-04-29T11:18:53","modified_gmt":"2021-04-29T09:18:53","slug":"kompetenzen-schwerpunkte","status":"publish","type":"page","link":"https:\/\/2020.sadlo.eu\/?page_id=56","title":{"rendered":"DER ANWALT"},"content":{"rendered":"\n<div class=\"wp-block-image\"><figure class=\"alignright size-large is-resized\"><img fetchpriority=\"high\" decoding=\"async\" src=\"https:\/\/2020.sadlo.eu\/wp-content\/uploads\/2020\/01\/190912-Rene-Gaens-RA-Michael-Sadlo-L1050291-785x1024.jpg\" alt=\"\" class=\"wp-image-1277\" width=\"390\" height=\"508\" srcset=\"https:\/\/2020.sadlo.eu\/wp-content\/uploads\/2020\/01\/190912-Rene-Gaens-RA-Michael-Sadlo-L1050291-785x1024.jpg 785w, https:\/\/2020.sadlo.eu\/wp-content\/uploads\/2020\/01\/190912-Rene-Gaens-RA-Michael-Sadlo-L1050291-230x300.jpg 230w, https:\/\/2020.sadlo.eu\/wp-content\/uploads\/2020\/01\/190912-Rene-Gaens-RA-Michael-Sadlo-L1050291-768x1002.jpg 768w, https:\/\/2020.sadlo.eu\/wp-content\/uploads\/2020\/01\/190912-Rene-Gaens-RA-Michael-Sadlo-L1050291-1177x1536.jpg 1177w, https:\/\/2020.sadlo.eu\/wp-content\/uploads\/2020\/01\/190912-Rene-Gaens-RA-Michael-Sadlo-L1050291-1570x2048.jpg 1570w, https:\/\/2020.sadlo.eu\/wp-content\/uploads\/2020\/01\/190912-Rene-Gaens-RA-Michael-Sadlo-L1050291-scaled.jpg 1962w\" sizes=\"(max-width: 390px) 100vw, 390px\" \/><\/figure><\/div>\n\n\n\n<p><strong>T\u00e4tigkeitsschwerpunkte<\/strong> im Miet- und WEG-Recht: <\/p>\n\n\n\n<p>Gestaltung und Verhandlung von Gewerberaummietvertr\u00e4gen<br> Durchsetzung von Mietforderungen und Schadensersatzanspr\u00fcchen<br> Durchsetzung von R\u00e4umungsanspr\u00fcchen\/ R\u00e4umungsklagen<br> Individuelle K\u00fcndigungen<br> Beratung in der Insolvenz des Mieters<br> Vermeidung und Abwehr von insolvenzrechtlichen Anfechtungen <br> Mahnverfahren und Prozessf\u00fchrung<br><br> Hier finden Sie eine Auswahl meiner Vortr\u00e4ge im Gewerberaummietrecht aus <a rel=\"noreferrer noopener\" aria-label=\" (\u00f6ffnet in neuem Tab)\" href=\"http:\/\/2020.sadlo.eu\/wp-content\/uploads\/2020\/01\/Skript-Sadlo-AGB-im-Gewerberaummietrecht-Fassung-18112017.pdf\" target=\"_blank\">2017<\/a>, <a rel=\"noreferrer noopener\" aria-label=\" (\u00f6ffnet in neuem Tab)\" href=\"http:\/\/2020.sadlo.eu\/wp-content\/uploads\/2020\/01\/SadloSkript-11-2018-Fassung-Stand-14112018-.pdf\" target=\"_blank\">2018<\/a> und <a rel=\"noreferrer noopener\" aria-label=\" (\u00f6ffnet in neuem Tab)\" href=\"http:\/\/2020.sadlo.eu\/wp-content\/uploads\/2020\/01\/SadloSkript-11-2019-Fassung-Stand-13112019-Kopie.pdf\" target=\"_blank\">2019<\/a>.<\/p>\n\n\n\n<p><\/p>\n\n\n\n<p>T\u00e4tigkeitsschwerpunkte im <strong>Arbeitsrecht<\/strong>:<\/p>\n\n\n\n<p>Beratung und Vertretung in individualarbeitsrechtlichen und      <br>betriebsverfassungsrechtlichen Fragen<br>Prozessvertretung in arbeitsgerichtlichen Verfahren <\/p>\n","protected":false},"excerpt":{"rendered":"<p>T\u00e4tigkeitsschwerpunkte im Miet- und WEG-Recht: Gestaltung und Verhandlung von Gewerberaummietvertr\u00e4gen Durchsetzung von Mietforderungen und Schadensersatzanspr\u00fcchen Durchsetzung von R\u00e4umungsanspr\u00fcchen\/ R\u00e4umungsklagen Individuelle K\u00fcndigungen Beratung in der Insolvenz des Mieters Vermeidung und Abwehr&#8230;<\/p>\n","protected":false},"author":1,"featured_media":0,"parent":0,"menu_order":0,"comment_status":"closed","ping_status":"closed","template":"","meta":{"_EventAllDay":false,"_EventTimezone":"","_EventStartDate":"","_EventEndDate":"","_EventStartDateUTC":"","_EventEndDateUTC":"","_EventShowMap":false,"_EventShowMapLink":false,"_EventURL":"","_EventCost":"","_EventCostDescription":"","_EventCurrencySymbol":"","_EventCurrencyCode":"","_EventCurrencyPosition":"","_EventDateTimeSeparator":"","_EventTimeRangeSeparator":"","_EventOrganizerID":[],"_EventVenueID":[],"_OrganizerEmail":"","_OrganizerPhone":"","_OrganizerWebsite":"","_VenueAddress":"","_VenueCity":"","_VenueCountry":"","_VenueProvince":"","_VenueState":"","_VenueZip":"","_VenuePhone":"","_VenueURL":"","_VenueStateProvince":"","_VenueLat":"","_VenueLng":"","_VenueShowMap":false,"_VenueShowMapLink":false,"footnotes":""},"class_list":["post-56","page","type-page","status-publish","hentry"],"yoast_head":"<!-- This site is optimized with the Yoast SEO plugin v27.5 - https:\/\/yoast.com\/product\/yoast-seo-wordpress\/ -->\n<title>DER ANWALT -<\/title>\n<meta name=\"robots\" content=\"index, follow, max-snippet:-1, max-image-preview:large, max-video-preview:-1\" \/>\n<link rel=\"canonical\" href=\"https:\/\/2020.sadlo.eu\/?page_id=56\" \/>\n<meta property=\"og:locale\" content=\"de_DE\" \/>\n<meta property=\"og:type\" content=\"article\" \/>\n<meta property=\"og:title\" content=\"DER ANWALT -\" \/>\n<meta property=\"og:description\" content=\"T\u00e4tigkeitsschwerpunkte im Miet- und WEG-Recht: Gestaltung und Verhandlung von Gewerberaummietvertr\u00e4gen Durchsetzung von Mietforderungen und Schadensersatzanspr\u00fcchen Durchsetzung von R\u00e4umungsanspr\u00fcchen\/ R\u00e4umungsklagen Individuelle K\u00fcndigungen Beratung in der Insolvenz des Mieters Vermeidung und Abwehr...\" \/>\n<meta property=\"og:url\" content=\"https:\/\/2020.sadlo.eu\/?page_id=56\" \/>\n<meta property=\"article:modified_time\" content=\"2021-04-29T09:18:53+00:00\" \/>\n<meta property=\"og:image\" content=\"https:\/\/2020.sadlo.eu\/wp-content\/uploads\/2020\/01\/190912-Rene-Gaens-RA-Michael-Sadlo-L1050291-785x1024.jpg\" \/>\n<meta name=\"twitter:card\" content=\"summary_large_image\" \/>\n<script type=\"application\/ld+json\" class=\"yoast-schema-graph\">{\"@context\":\"https:\\\/\\\/schema.org\",\"@graph\":[{\"@type\":\"WebPage\",\"@id\":\"https:\\\/\\\/2020.sadlo.eu\\\/?page_id=56\",\"url\":\"https:\\\/\\\/2020.sadlo.eu\\\/?page_id=56\",\"name\":\"DER ANWALT -\",\"isPartOf\":{\"@id\":\"https:\\\/\\\/2020.sadlo.eu\\\/#website\"},\"primaryImageOfPage\":{\"@id\":\"https:\\\/\\\/2020.sadlo.eu\\\/?page_id=56#primaryimage\"},\"image\":{\"@id\":\"https:\\\/\\\/2020.sadlo.eu\\\/?page_id=56#primaryimage\"},\"thumbnailUrl\":\"https:\\\/\\\/2020.sadlo.eu\\\/wp-content\\\/uploads\\\/2020\\\/01\\\/190912-Rene-Gaens-RA-Michael-Sadlo-L1050291-785x1024.jpg\",\"datePublished\":\"2020-01-07T13:56:22+00:00\",\"dateModified\":\"2021-04-29T09:18:53+00:00\",\"breadcrumb\":{\"@id\":\"https:\\\/\\\/2020.sadlo.eu\\\/?page_id=56#breadcrumb\"},\"inLanguage\":\"de\",\"potentialAction\":[{\"@type\":\"ReadAction\",\"target\":[\"https:\\\/\\\/2020.sadlo.eu\\\/?page_id=56\"]}]},{\"@type\":\"ImageObject\",\"inLanguage\":\"de\",\"@id\":\"https:\\\/\\\/2020.sadlo.eu\\\/?page_id=56#primaryimage\",\"url\":\"https:\\\/\\\/2020.sadlo.eu\\\/wp-content\\\/uploads\\\/2020\\\/01\\\/190912-Rene-Gaens-RA-Michael-Sadlo-L1050291-785x1024.jpg\",\"contentUrl\":\"https:\\\/\\\/2020.sadlo.eu\\\/wp-content\\\/uploads\\\/2020\\\/01\\\/190912-Rene-Gaens-RA-Michael-Sadlo-L1050291-785x1024.jpg\"},{\"@type\":\"BreadcrumbList\",\"@id\":\"https:\\\/\\\/2020.sadlo.eu\\\/?page_id=56#breadcrumb\",\"itemListElement\":[{\"@type\":\"ListItem\",\"position\":1,\"name\":\"Startseite\",\"item\":\"https:\\\/\\\/2020.sadlo.eu\\\/\"},{\"@type\":\"ListItem\",\"position\":2,\"name\":\"DER ANWALT\"}]},{\"@type\":\"WebSite\",\"@id\":\"https:\\\/\\\/2020.sadlo.eu\\\/#website\",\"url\":\"https:\\\/\\\/2020.sadlo.eu\\\/\",\"name\":\"\",\"description\":\"\",\"publisher\":{\"@id\":\"https:\\\/\\\/2020.sadlo.eu\\\/#organization\"},\"potentialAction\":[{\"@type\":\"SearchAction\",\"target\":{\"@type\":\"EntryPoint\",\"urlTemplate\":\"https:\\\/\\\/2020.sadlo.eu\\\/?s={search_term_string}\"},\"query-input\":{\"@type\":\"PropertyValueSpecification\",\"valueRequired\":true,\"valueName\":\"search_term_string\"}}],\"inLanguage\":\"de\"},{\"@type\":\"Organization\",\"@id\":\"https:\\\/\\\/2020.sadlo.eu\\\/#organization\",\"name\":\"RA Michael Sadlo\",\"url\":\"https:\\\/\\\/2020.sadlo.eu\\\/\",\"logo\":{\"@type\":\"ImageObject\",\"inLanguage\":\"de\",\"@id\":\"https:\\\/\\\/2020.sadlo.eu\\\/#\\\/schema\\\/logo\\\/image\\\/\",\"url\":\"https:\\\/\\\/2020.sadlo.eu\\\/wp-content\\\/uploads\\\/2020\\\/01\\\/190912-Rene-Gaens-RA-Michael-Sadlo-L1050274-6-scaled.jpg\",\"contentUrl\":\"https:\\\/\\\/2020.sadlo.eu\\\/wp-content\\\/uploads\\\/2020\\\/01\\\/190912-Rene-Gaens-RA-Michael-Sadlo-L1050274-6-scaled.jpg\",\"width\":2361,\"height\":2560,\"caption\":\"RA Michael Sadlo\"},\"image\":{\"@id\":\"https:\\\/\\\/2020.sadlo.eu\\\/#\\\/schema\\\/logo\\\/image\\\/\"}}]}<\/script>\n<!-- \/ Yoast SEO plugin. -->","yoast_head_json":{"title":"DER ANWALT -","robots":{"index":"index","follow":"follow","max-snippet":"max-snippet:-1","max-image-preview":"max-image-preview:large","max-video-preview":"max-video-preview:-1"},"canonical":"https:\/\/2020.sadlo.eu\/?page_id=56","og_locale":"de_DE","og_type":"article","og_title":"DER ANWALT -","og_description":"T\u00e4tigkeitsschwerpunkte im Miet- und WEG-Recht: Gestaltung und Verhandlung von Gewerberaummietvertr\u00e4gen Durchsetzung von Mietforderungen und Schadensersatzanspr\u00fcchen Durchsetzung von R\u00e4umungsanspr\u00fcchen\/ R\u00e4umungsklagen Individuelle K\u00fcndigungen Beratung in der Insolvenz des Mieters Vermeidung und Abwehr...","og_url":"https:\/\/2020.sadlo.eu\/?page_id=56","article_modified_time":"2021-04-29T09:18:53+00:00","og_image":[{"url":"https:\/\/2020.sadlo.eu\/wp-content\/uploads\/2020\/01\/190912-Rene-Gaens-RA-Michael-Sadlo-L1050291-785x1024.jpg","type":"","width":"","height":""}],"twitter_card":"summary_large_image","schema":{"@context":"https:\/\/schema.org","@graph":[{"@type":"WebPage","@id":"https:\/\/2020.sadlo.eu\/?page_id=56","url":"https:\/\/2020.sadlo.eu\/?page_id=56","name":"DER ANWALT -","isPartOf":{"@id":"https:\/\/2020.sadlo.eu\/#website"},"primaryImageOfPage":{"@id":"https:\/\/2020.sadlo.eu\/?page_id=56#primaryimage"},"image":{"@id":"https:\/\/2020.sadlo.eu\/?page_id=56#primaryimage"},"thumbnailUrl":"https:\/\/2020.sadlo.eu\/wp-content\/uploads\/2020\/01\/190912-Rene-Gaens-RA-Michael-Sadlo-L1050291-785x1024.jpg","datePublished":"2020-01-07T13:56:22+00:00","dateModified":"2021-04-29T09:18:53+00:00","breadcrumb":{"@id":"https:\/\/2020.sadlo.eu\/?page_id=56#breadcrumb"},"inLanguage":"de","potentialAction":[{"@type":"ReadAction","target":["https:\/\/2020.sadlo.eu\/?page_id=56"]}]},{"@type":"ImageObject","inLanguage":"de","@id":"https:\/\/2020.sadlo.eu\/?page_id=56#primaryimage","url":"https:\/\/2020.sadlo.eu\/wp-content\/uploads\/2020\/01\/190912-Rene-Gaens-RA-Michael-Sadlo-L1050291-785x1024.jpg","contentUrl":"https:\/\/2020.sadlo.eu\/wp-content\/uploads\/2020\/01\/190912-Rene-Gaens-RA-Michael-Sadlo-L1050291-785x1024.jpg"},{"@type":"BreadcrumbList","@id":"https:\/\/2020.sadlo.eu\/?page_id=56#breadcrumb","itemListElement":[{"@type":"ListItem","position":1,"name":"Startseite","item":"https:\/\/2020.sadlo.eu\/"},{"@type":"ListItem","position":2,"name":"DER ANWALT"}]},{"@type":"WebSite","@id":"https:\/\/2020.sadlo.eu\/#website","url":"https:\/\/2020.sadlo.eu\/","name":"","description":"","publisher":{"@id":"https:\/\/2020.sadlo.eu\/#organization"},"potentialAction":[{"@type":"SearchAction","target":{"@type":"EntryPoint","urlTemplate":"https:\/\/2020.sadlo.eu\/?s={search_term_string}"},"query-input":{"@type":"PropertyValueSpecification","valueRequired":true,"valueName":"search_term_string"}}],"inLanguage":"de"},{"@type":"Organization","@id":"https:\/\/2020.sadlo.eu\/#organization","name":"RA Michael Sadlo","url":"https:\/\/2020.sadlo.eu\/","logo":{"@type":"ImageObject","inLanguage":"de","@id":"https:\/\/2020.sadlo.eu\/#\/schema\/logo\/image\/","url":"https:\/\/2020.sadlo.eu\/wp-content\/uploads\/2020\/01\/190912-Rene-Gaens-RA-Michael-Sadlo-L1050274-6-scaled.jpg","contentUrl":"https:\/\/2020.sadlo.eu\/wp-content\/uploads\/2020\/01\/190912-Rene-Gaens-RA-Michael-Sadlo-L1050274-6-scaled.jpg","width":2361,"height":2560,"caption":"RA Michael Sadlo"},"image":{"@id":"https:\/\/2020.sadlo.eu\/#\/schema\/logo\/image\/"}}]}},"_links":{"self":[{"href":"https:\/\/2020.sadlo.eu\/index.php?rest_route=\/wp\/v2\/pages\/56","targetHints":{"allow":["GET"]}}],"collection":[{"href":"https:\/\/2020.sadlo.eu\/index.php?rest_route=\/wp\/v2\/pages"}],"about":[{"href":"https:\/\/2020.sadlo.eu\/index.php?rest_route=\/wp\/v2\/types\/page"}],"author":[{"embeddable":true,"href":"https:\/\/2020.sadlo.eu\/index.php?rest_route=\/wp\/v2\/users\/1"}],"replies":[{"embeddable":true,"href":"https:\/\/2020.sadlo.eu\/index.php?rest_route=%2Fwp%2Fv2%2Fcomments&post=56"}],"version-history":[{"count":139,"href":"https:\/\/2020.sadlo.eu\/index.php?rest_route=\/wp\/v2\/pages\/56\/revisions"}],"predecessor-version":[{"id":1345,"href":"https:\/\/2020.sadlo.eu\/index.php?rest_route=\/wp\/v2\/pages\/56\/revisions\/1345"}],"wp:attachment":[{"href":"https:\/\/2020.sadlo.eu\/index.php?rest_route=%2Fwp%2Fv2%2Fmedia&parent=56"}],"curies":[{"name":"wp","href":"https:\/\/api.w.org\/{rel}","templated":true}]}}

<div class="wp-block-image"><figure class="alignright size-large is-resized"><img fetchpriority="high" decoding="async" src="https://2020.sadlo.eu/wp-content/uploads/2020/01/190912-Rene-Gaens-RA-Michael-Sadlo-L1050291-785x1024.jpg" alt="" class="wp-image-1277" width="390" height="508" srcset="https://2020.sadlo.eu/wp-content/uploads/2020/01/190912-Rene-Gaens-RA-Michael-Sadlo-L1050291-785x1024.jpg 785w, https://2020.sadlo.eu/wp-content/uploads/2020/01/190912-Rene-Gaens-RA-Michael-Sadlo-L1050291-230x300.jpg 230w, https://2020.sadlo.eu/wp-content/uploads/2020/01/190912-Rene-Gaens-RA-Michael-Sadlo-L1050291-768x1002.jpg 768w, https://2020.sadlo.eu/wp-content/uploads/2020/01/190912-Rene-Gaens-RA-Michael-Sadlo-L1050291-1177x1536.jpg 1177w, https://2020.sadlo.eu/wp-content/uploads/2020/01/190912-Rene-Gaens-RA-Michael-Sadlo-L1050291-1570x2048.jpg 1570w, https://2020.sadlo.eu/wp-content/uploads/2020/01/190912-Rene-Gaens-RA-Michael-Sadlo-L1050291-scaled.jpg 1962w" sizes="(max-width: 390px) 100vw, 390px" /></figure></div>



<p><strong>Tätigkeitsschwerpunkte</strong> im Miet- und WEG-Recht: </p>



<p>Gestaltung und Verhandlung von Gewerberaummietverträgen<br> Durchsetzung von Mietforderungen und Schadensersatzansprüchen<br> Durchsetzung von Räumungsansprüchen/ Räumungsklagen<br> Individuelle Kündigungen<br> Beratung in der Insolvenz des Mieters<br> Vermeidung und Abwehr von insolvenzrechtlichen Anfechtungen <br> Mahnverfahren und Prozessführung<br><br> Hier finden Sie eine Auswahl meiner Vorträge im Gewerberaummietrecht aus <a rel="noreferrer noopener" aria-label=" (öffnet in neuem Tab)" href="http://2020.sadlo.eu/wp-content/uploads/2020/01/Skript-Sadlo-AGB-im-Gewerberaummietrecht-Fassung-18112017.pdf" target="_blank">2017</a>, <a rel="noreferrer noopener" aria-label=" (öffnet in neuem Tab)" href="http://2020.sadlo.eu/wp-content/uploads/2020/01/SadloSkript-11-2018-Fassung-Stand-14112018-.pdf" target="_blank">2018</a> und <a rel="noreferrer noopener" aria-label=" (öffnet in neuem Tab)" href="http://2020.sadlo.eu/wp-content/uploads/2020/01/SadloSkript-11-2019-Fassung-Stand-13112019-Kopie.pdf" target="_blank">2019</a>.</p>



<p></p>



<p>Tätigkeitsschwerpunkte im <strong>Arbeitsrecht</strong>:</p>



<p>Beratung und Vertretung in individualarbeitsrechtlichen und      <br>betriebsverfassungsrechtlichen Fragen<br>Prozessvertretung in arbeitsgerichtlichen Verfahren </p>

<p>Tätigkeitsschwerpunkte im Miet- und WEG-Recht: Gestaltung und Verhandlung von Gewerberaummietverträgen Durchsetzung von Mietforderungen und Schadensersatzansprüchen Durchsetzung von Räumungsansprüchen/ Räumungsklagen Individuelle Kündigungen Beratung in der Insolvenz des Mieters Vermeidung und Abwehr&#8230;</p>

<!-- This site is optimized with the Yoast SEO plugin v27.5 - https://yoast.com/product/yoast-seo-wordpress/ -->
<title>DER ANWALT -</title>
<meta name="robots" content="index, follow, max-snippet:-1, max-image-preview:large, max-video-preview:-1" />
<link rel="canonical" href="https://2020.sadlo.eu/?page_id=56" />
<meta property="og:locale" content="de_DE" />
<meta property="og:type" content="article" />
<meta property="og:title" content="DER ANWALT -" />
<meta property="og:description" content="Tätigkeitsschwerpunkte im Miet- und WEG-Recht: Gestaltung und Verhandlung von Gewerberaummietverträgen Durchsetzung von Mietforderungen und Schadensersatzansprüchen Durchsetzung von Räumungsansprüchen/ Räumungsklagen Individuelle Kündigungen Beratung in der Insolvenz des Mieters Vermeidung und Abwehr..." />
<meta property="og:url" content="https://2020.sadlo.eu/?page_id=56" />
<meta property="article:modified_time" content="2021-04-29T09:18:53+00:00" />
<meta property="og:image" content="https://2020.sadlo.eu/wp-content/uploads/2020/01/190912-Rene-Gaens-RA-Michael-Sadlo-L1050291-785x1024.jpg" />
<meta name="twitter:card" content="summary_large_image" />
<script type="application/ld+json" class="yoast-schema-graph">{"@context":"https:\/\/schema.org","@graph":[{"@type":"WebPage","@id":"https:\/\/2020.sadlo.eu\/?page_id=56","url":"https:\/\/2020.sadlo.eu\/?page_id=56","name":"DER ANWALT -","isPartOf":{"@id":"https:\/\/2020.sadlo.eu\/#website"},"primaryImageOfPage":{"@id":"https:\/\/2020.sadlo.eu\/?page_id=56#primaryimage"},"image":{"@id":"https:\/\/2020.sadlo.eu\/?page_id=56#primaryimage"},"thumbnailUrl":"https:\/\/2020.sadlo.eu\/wp-content\/uploads\/2020\/01\/190912-Rene-Gaens-RA-Michael-Sadlo-L1050291-785x1024.jpg","datePublished":"2020-01-07T13:56:22+00:00","dateModified":"2021-04-29T09:18:53+00:00","breadcrumb":{"@id":"https:\/\/2020.sadlo.eu\/?page_id=56#breadcrumb"},"inLanguage":"de","potentialAction":[{"@type":"ReadAction","target":["https:\/\/2020.sadlo.eu\/?page_id=56"]}]},{"@type":"ImageObject","inLanguage":"de","@id":"https:\/\/2020.sadlo.eu\/?page_id=56#primaryimage","url":"https:\/\/2020.sadlo.eu\/wp-content\/uploads\/2020\/01\/190912-Rene-Gaens-RA-Michael-Sadlo-L1050291-785x1024.jpg","contentUrl":"https:\/\/2020.sadlo.eu\/wp-content\/uploads\/2020\/01\/190912-Rene-Gaens-RA-Michael-Sadlo-L1050291-785x1024.jpg"},{"@type":"BreadcrumbList","@id":"https:\/\/2020.sadlo.eu\/?page_id=56#breadcrumb","itemListElement":[{"@type":"ListItem","position":1,"name":"Startseite","item":"https:\/\/2020.sadlo.eu\/"},{"@type":"ListItem","position":2,"name":"DER ANWALT"}]},{"@type":"WebSite","@id":"https:\/\/2020.sadlo.eu\/#website","url":"https:\/\/2020.sadlo.eu\/","name":"","description":"","publisher":{"@id":"https:\/\/2020.sadlo.eu\/#organization"},"potentialAction":[{"@type":"SearchAction","target":{"@type":"EntryPoint","urlTemplate":"https:\/\/2020.sadlo.eu\/?s={search_term_string}"},"query-input":{"@type":"PropertyValueSpecification","valueRequired":true,"valueName":"search_term_string"}}],"inLanguage":"de"},{"@type":"Organization","@id":"https:\/\/2020.sadlo.eu\/#organization","name":"RA Michael Sadlo","url":"https:\/\/2020.sadlo.eu\/","logo":{"@type":"ImageObject","inLanguage":"de","@id":"https:\/\/2020.sadlo.eu\/#\/schema\/logo\/image\/","url":"https:\/\/2020.sadlo.eu\/wp-content\/uploads\/2020\/01\/190912-Rene-Gaens-RA-Michael-Sadlo-L1050274-6-scaled.jpg","contentUrl":"https:\/\/2020.sadlo.eu\/wp-content\/uploads\/2020\/01\/190912-Rene-Gaens-RA-Michael-Sadlo-L1050274-6-scaled.jpg","width":2361,"height":2560,"caption":"RA Michael Sadlo"},"image":{"@id":"https:\/\/2020.sadlo.eu\/#\/schema\/logo\/image\/"}}]}</script>
<!-- / Yoast SEO plugin. -->

Tätigkeitsschwerpunkte im Miet- und WEG-Recht: Gestaltung und Verhandlung von Gewerberaummietverträgen Durchsetzung von Mietforderungen und Schadensersatzansprüchen Durchsetzung von Räumungsansprüchen/ Räumungsklagen Individuelle Kündigungen Beratung in der Insolvenz des Mieters Vermeidung und Abwehr...
