{"id":26,"date":"2020-01-20T10:41:00","date_gmt":"2020-01-20T09:41:00","guid":{"rendered":"http:\/\/2020.sadlo.eu\/?page_id=26"},"modified":"2020-01-20T10:40:38","modified_gmt":"2020-01-20T09:40:38","slug":"vita","status":"publish","type":"page","link":"https:\/\/2020.sadlo.eu\/?page_id=26","title":{"rendered":"DER MEDIATOR"},"content":{"rendered":"\n<div class=\"wp-block-image\"><figure class=\"alignright size-large is-resized\"><img fetchpriority=\"high\" decoding=\"async\" src=\"https:\/\/2020.sadlo.eu\/wp-content\/uploads\/2020\/01\/190912-Rene-Gaens-RA-Michael-Sadlo-L1050274-5-944x1024.jpg\" alt=\"\" class=\"wp-image-1281\" width=\"383\" height=\"415\" srcset=\"https:\/\/2020.sadlo.eu\/wp-content\/uploads\/2020\/01\/190912-Rene-Gaens-RA-Michael-Sadlo-L1050274-5-944x1024.jpg 944w, https:\/\/2020.sadlo.eu\/wp-content\/uploads\/2020\/01\/190912-Rene-Gaens-RA-Michael-Sadlo-L1050274-5-277x300.jpg 277w, https:\/\/2020.sadlo.eu\/wp-content\/uploads\/2020\/01\/190912-Rene-Gaens-RA-Michael-Sadlo-L1050274-5-768x833.jpg 768w, https:\/\/2020.sadlo.eu\/wp-content\/uploads\/2020\/01\/190912-Rene-Gaens-RA-Michael-Sadlo-L1050274-5-1417x1536.jpg 1417w, https:\/\/2020.sadlo.eu\/wp-content\/uploads\/2020\/01\/190912-Rene-Gaens-RA-Michael-Sadlo-L1050274-5-1889x2048.jpg 1889w\" sizes=\"(max-width: 383px) 100vw, 383px\" \/><\/figure><\/div>\n\n\n\n<p>Als Mediator bin ich neutral und allparteilich.<br>Meine Aufgabe als Mediator ist es, einen Weg f\u00fcr konstruktive Verhandlungen aufzuzeigen, einen f\u00fcr die Kommunikation f\u00f6rderlichen Rahmen zu schaffen, zu strukturieren, zu entwirren, zur (Selbst-)Kl\u00e4rung beizutragen und schlie\u00dflich Hilfe bei der Suche nach interessengerechten L\u00f6sungen zu leisten. <\/p>\n\n\n\n<p>Als Mediator bin ich vorwiegend in folgenden Bereichen t\u00e4tig:<\/p>\n\n\n\n<p>  Mediation im innerbetrieblichen Bereich          <br>  Moderation von \u201cheiklen\u201d Feedbackgespr\u00e4chen<br>  Implementierung von Mediation\/Kommunikation in Unternehmen<br>  <br>Meine Vorlesungsunterlagen zur Mediation finden Sie <a rel=\"noreferrer noopener\" aria-label=\" (\u00f6ffnet in neuem Tab)\" href=\"http:\/\/2020.sadlo.eu\/wp-content\/uploads\/2020\/01\/Skript-Sommersemester-2019-Stand-18.03.2019.pdf\" target=\"_blank\">hier<\/a> und meine Gedanken zu  Kommunikations- und Verhandlungstrainings <a rel=\"noreferrer noopener\" aria-label=\" (\u00f6ffnet in neuem Tab)\" href=\"http:\/\/2020.sadlo.eu\/wp-content\/uploads\/2020\/01\/140626_Abschlussarbeit-komplett.pdf\" target=\"_blank\">hier<\/a>.<\/p>\n","protected":false},"excerpt":{"rendered":"<p>Als Mediator bin ich neutral und allparteilich.Meine Aufgabe als Mediator ist es, einen Weg f\u00fcr konstruktive Verhandlungen aufzuzeigen, einen f\u00fcr die Kommunikation f\u00f6rderlichen Rahmen zu schaffen, zu strukturieren, zu entwirren,&#8230;<\/p>\n","protected":false},"author":2,"featured_media":0,"parent":0,"menu_order":0,"comment_status":"closed","ping_status":"closed","template":"","meta":{"_EventAllDay":false,"_EventTimezone":"","_EventStartDate":"","_EventEndDate":"","_EventStartDateUTC":"","_EventEndDateUTC":"","_EventShowMap":false,"_EventShowMapLink":false,"_EventURL":"","_EventCost":"","_EventCostDescription":"","_EventCurrencySymbol":"","_EventCurrencyCode":"","_EventCurrencyPosition":"","_EventDateTimeSeparator":"","_EventTimeRangeSeparator":"","_EventOrganizerID":[],"_EventVenueID":[],"_OrganizerEmail":"","_OrganizerPhone":"","_OrganizerWebsite":"","_VenueAddress":"","_VenueCity":"","_VenueCountry":"","_VenueProvince":"","_VenueState":"","_VenueZip":"","_VenuePhone":"","_VenueURL":"","_VenueStateProvince":"","_VenueLat":"","_VenueLng":"","_VenueShowMap":false,"_VenueShowMapLink":false,"footnotes":""},"class_list":["post-26","page","type-page","status-publish","hentry"],"yoast_head":"<!-- This site is optimized with the Yoast SEO plugin v27.5 - https:\/\/yoast.com\/product\/yoast-seo-wordpress\/ -->\n<title>DER MEDIATOR -<\/title>\n<meta name=\"robots\" content=\"index, follow, max-snippet:-1, max-image-preview:large, max-video-preview:-1\" \/>\n<link rel=\"canonical\" href=\"https:\/\/2020.sadlo.eu\/?page_id=26\" \/>\n<meta property=\"og:locale\" content=\"de_DE\" \/>\n<meta property=\"og:type\" content=\"article\" \/>\n<meta property=\"og:title\" content=\"DER MEDIATOR -\" \/>\n<meta property=\"og:description\" content=\"Als Mediator bin ich neutral und allparteilich.Meine Aufgabe als Mediator ist es, einen Weg f\u00fcr konstruktive Verhandlungen aufzuzeigen, einen f\u00fcr die Kommunikation f\u00f6rderlichen Rahmen zu schaffen, zu strukturieren, zu entwirren,...\" \/>\n<meta property=\"og:url\" content=\"https:\/\/2020.sadlo.eu\/?page_id=26\" \/>\n<meta property=\"og:image\" content=\"https:\/\/2020.sadlo.eu\/wp-content\/uploads\/2020\/01\/190912-Rene-Gaens-RA-Michael-Sadlo-L1050274-5-944x1024.jpg\" \/>\n<meta name=\"twitter:card\" content=\"summary_large_image\" \/>\n<script type=\"application\/ld+json\" class=\"yoast-schema-graph\">{\"@context\":\"https:\\\/\\\/schema.org\",\"@graph\":[{\"@type\":\"WebPage\",\"@id\":\"https:\\\/\\\/2020.sadlo.eu\\\/?page_id=26\",\"url\":\"https:\\\/\\\/2020.sadlo.eu\\\/?page_id=26\",\"name\":\"DER MEDIATOR -\",\"isPartOf\":{\"@id\":\"https:\\\/\\\/2020.sadlo.eu\\\/#website\"},\"primaryImageOfPage\":{\"@id\":\"https:\\\/\\\/2020.sadlo.eu\\\/?page_id=26#primaryimage\"},\"image\":{\"@id\":\"https:\\\/\\\/2020.sadlo.eu\\\/?page_id=26#primaryimage\"},\"thumbnailUrl\":\"https:\\\/\\\/2020.sadlo.eu\\\/wp-content\\\/uploads\\\/2020\\\/01\\\/190912-Rene-Gaens-RA-Michael-Sadlo-L1050274-5-944x1024.jpg\",\"datePublished\":\"2020-01-20T09:41:00+00:00\",\"breadcrumb\":{\"@id\":\"https:\\\/\\\/2020.sadlo.eu\\\/?page_id=26#breadcrumb\"},\"inLanguage\":\"de\",\"potentialAction\":[{\"@type\":\"ReadAction\",\"target\":[\"https:\\\/\\\/2020.sadlo.eu\\\/?page_id=26\"]}]},{\"@type\":\"ImageObject\",\"inLanguage\":\"de\",\"@id\":\"https:\\\/\\\/2020.sadlo.eu\\\/?page_id=26#primaryimage\",\"url\":\"https:\\\/\\\/2020.sadlo.eu\\\/wp-content\\\/uploads\\\/2020\\\/01\\\/190912-Rene-Gaens-RA-Michael-Sadlo-L1050274-5-944x1024.jpg\",\"contentUrl\":\"https:\\\/\\\/2020.sadlo.eu\\\/wp-content\\\/uploads\\\/2020\\\/01\\\/190912-Rene-Gaens-RA-Michael-Sadlo-L1050274-5-944x1024.jpg\"},{\"@type\":\"BreadcrumbList\",\"@id\":\"https:\\\/\\\/2020.sadlo.eu\\\/?page_id=26#breadcrumb\",\"itemListElement\":[{\"@type\":\"ListItem\",\"position\":1,\"name\":\"Startseite\",\"item\":\"https:\\\/\\\/2020.sadlo.eu\\\/\"},{\"@type\":\"ListItem\",\"position\":2,\"name\":\"DER MEDIATOR\"}]},{\"@type\":\"WebSite\",\"@id\":\"https:\\\/\\\/2020.sadlo.eu\\\/#website\",\"url\":\"https:\\\/\\\/2020.sadlo.eu\\\/\",\"name\":\"\",\"description\":\"\",\"publisher\":{\"@id\":\"https:\\\/\\\/2020.sadlo.eu\\\/#organization\"},\"potentialAction\":[{\"@type\":\"SearchAction\",\"target\":{\"@type\":\"EntryPoint\",\"urlTemplate\":\"https:\\\/\\\/2020.sadlo.eu\\\/?s={search_term_string}\"},\"query-input\":{\"@type\":\"PropertyValueSpecification\",\"valueRequired\":true,\"valueName\":\"search_term_string\"}}],\"inLanguage\":\"de\"},{\"@type\":\"Organization\",\"@id\":\"https:\\\/\\\/2020.sadlo.eu\\\/#organization\",\"name\":\"RA Michael Sadlo\",\"url\":\"https:\\\/\\\/2020.sadlo.eu\\\/\",\"logo\":{\"@type\":\"ImageObject\",\"inLanguage\":\"de\",\"@id\":\"https:\\\/\\\/2020.sadlo.eu\\\/#\\\/schema\\\/logo\\\/image\\\/\",\"url\":\"https:\\\/\\\/2020.sadlo.eu\\\/wp-content\\\/uploads\\\/2020\\\/01\\\/190912-Rene-Gaens-RA-Michael-Sadlo-L1050274-6-scaled.jpg\",\"contentUrl\":\"https:\\\/\\\/2020.sadlo.eu\\\/wp-content\\\/uploads\\\/2020\\\/01\\\/190912-Rene-Gaens-RA-Michael-Sadlo-L1050274-6-scaled.jpg\",\"width\":2361,\"height\":2560,\"caption\":\"RA Michael Sadlo\"},\"image\":{\"@id\":\"https:\\\/\\\/2020.sadlo.eu\\\/#\\\/schema\\\/logo\\\/image\\\/\"}}]}<\/script>\n<!-- \/ Yoast SEO plugin. -->","yoast_head_json":{"title":"DER MEDIATOR -","robots":{"index":"index","follow":"follow","max-snippet":"max-snippet:-1","max-image-preview":"max-image-preview:large","max-video-preview":"max-video-preview:-1"},"canonical":"https:\/\/2020.sadlo.eu\/?page_id=26","og_locale":"de_DE","og_type":"article","og_title":"DER MEDIATOR -","og_description":"Als Mediator bin ich neutral und allparteilich.Meine Aufgabe als Mediator ist es, einen Weg f\u00fcr konstruktive Verhandlungen aufzuzeigen, einen f\u00fcr die Kommunikation f\u00f6rderlichen Rahmen zu schaffen, zu strukturieren, zu entwirren,...","og_url":"https:\/\/2020.sadlo.eu\/?page_id=26","og_image":[{"url":"https:\/\/2020.sadlo.eu\/wp-content\/uploads\/2020\/01\/190912-Rene-Gaens-RA-Michael-Sadlo-L1050274-5-944x1024.jpg","type":"","width":"","height":""}],"twitter_card":"summary_large_image","schema":{"@context":"https:\/\/schema.org","@graph":[{"@type":"WebPage","@id":"https:\/\/2020.sadlo.eu\/?page_id=26","url":"https:\/\/2020.sadlo.eu\/?page_id=26","name":"DER MEDIATOR -","isPartOf":{"@id":"https:\/\/2020.sadlo.eu\/#website"},"primaryImageOfPage":{"@id":"https:\/\/2020.sadlo.eu\/?page_id=26#primaryimage"},"image":{"@id":"https:\/\/2020.sadlo.eu\/?page_id=26#primaryimage"},"thumbnailUrl":"https:\/\/2020.sadlo.eu\/wp-content\/uploads\/2020\/01\/190912-Rene-Gaens-RA-Michael-Sadlo-L1050274-5-944x1024.jpg","datePublished":"2020-01-20T09:41:00+00:00","breadcrumb":{"@id":"https:\/\/2020.sadlo.eu\/?page_id=26#breadcrumb"},"inLanguage":"de","potentialAction":[{"@type":"ReadAction","target":["https:\/\/2020.sadlo.eu\/?page_id=26"]}]},{"@type":"ImageObject","inLanguage":"de","@id":"https:\/\/2020.sadlo.eu\/?page_id=26#primaryimage","url":"https:\/\/2020.sadlo.eu\/wp-content\/uploads\/2020\/01\/190912-Rene-Gaens-RA-Michael-Sadlo-L1050274-5-944x1024.jpg","contentUrl":"https:\/\/2020.sadlo.eu\/wp-content\/uploads\/2020\/01\/190912-Rene-Gaens-RA-Michael-Sadlo-L1050274-5-944x1024.jpg"},{"@type":"BreadcrumbList","@id":"https:\/\/2020.sadlo.eu\/?page_id=26#breadcrumb","itemListElement":[{"@type":"ListItem","position":1,"name":"Startseite","item":"https:\/\/2020.sadlo.eu\/"},{"@type":"ListItem","position":2,"name":"DER MEDIATOR"}]},{"@type":"WebSite","@id":"https:\/\/2020.sadlo.eu\/#website","url":"https:\/\/2020.sadlo.eu\/","name":"","description":"","publisher":{"@id":"https:\/\/2020.sadlo.eu\/#organization"},"potentialAction":[{"@type":"SearchAction","target":{"@type":"EntryPoint","urlTemplate":"https:\/\/2020.sadlo.eu\/?s={search_term_string}"},"query-input":{"@type":"PropertyValueSpecification","valueRequired":true,"valueName":"search_term_string"}}],"inLanguage":"de"},{"@type":"Organization","@id":"https:\/\/2020.sadlo.eu\/#organization","name":"RA Michael Sadlo","url":"https:\/\/2020.sadlo.eu\/","logo":{"@type":"ImageObject","inLanguage":"de","@id":"https:\/\/2020.sadlo.eu\/#\/schema\/logo\/image\/","url":"https:\/\/2020.sadlo.eu\/wp-content\/uploads\/2020\/01\/190912-Rene-Gaens-RA-Michael-Sadlo-L1050274-6-scaled.jpg","contentUrl":"https:\/\/2020.sadlo.eu\/wp-content\/uploads\/2020\/01\/190912-Rene-Gaens-RA-Michael-Sadlo-L1050274-6-scaled.jpg","width":2361,"height":2560,"caption":"RA Michael Sadlo"},"image":{"@id":"https:\/\/2020.sadlo.eu\/#\/schema\/logo\/image\/"}}]}},"_links":{"self":[{"href":"https:\/\/2020.sadlo.eu\/index.php?rest_route=\/wp\/v2\/pages\/26","targetHints":{"allow":["GET"]}}],"collection":[{"href":"https:\/\/2020.sadlo.eu\/index.php?rest_route=\/wp\/v2\/pages"}],"about":[{"href":"https:\/\/2020.sadlo.eu\/index.php?rest_route=\/wp\/v2\/types\/page"}],"author":[{"embeddable":true,"href":"https:\/\/2020.sadlo.eu\/index.php?rest_route=\/wp\/v2\/users\/2"}],"replies":[{"embeddable":true,"href":"https:\/\/2020.sadlo.eu\/index.php?rest_route=%2Fwp%2Fv2%2Fcomments&post=26"}],"version-history":[{"count":106,"href":"https:\/\/2020.sadlo.eu\/index.php?rest_route=\/wp\/v2\/pages\/26\/revisions"}],"predecessor-version":[{"id":1295,"href":"https:\/\/2020.sadlo.eu\/index.php?rest_route=\/wp\/v2\/pages\/26\/revisions\/1295"}],"wp:attachment":[{"href":"https:\/\/2020.sadlo.eu\/index.php?rest_route=%2Fwp%2Fv2%2Fmedia&parent=26"}],"curies":[{"name":"wp","href":"https:\/\/api.w.org\/{rel}","templated":true}]}}

<div class="wp-block-image"><figure class="alignright size-large is-resized"><img fetchpriority="high" decoding="async" src="https://2020.sadlo.eu/wp-content/uploads/2020/01/190912-Rene-Gaens-RA-Michael-Sadlo-L1050274-5-944x1024.jpg" alt="" class="wp-image-1281" width="383" height="415" srcset="https://2020.sadlo.eu/wp-content/uploads/2020/01/190912-Rene-Gaens-RA-Michael-Sadlo-L1050274-5-944x1024.jpg 944w, https://2020.sadlo.eu/wp-content/uploads/2020/01/190912-Rene-Gaens-RA-Michael-Sadlo-L1050274-5-277x300.jpg 277w, https://2020.sadlo.eu/wp-content/uploads/2020/01/190912-Rene-Gaens-RA-Michael-Sadlo-L1050274-5-768x833.jpg 768w, https://2020.sadlo.eu/wp-content/uploads/2020/01/190912-Rene-Gaens-RA-Michael-Sadlo-L1050274-5-1417x1536.jpg 1417w, https://2020.sadlo.eu/wp-content/uploads/2020/01/190912-Rene-Gaens-RA-Michael-Sadlo-L1050274-5-1889x2048.jpg 1889w" sizes="(max-width: 383px) 100vw, 383px" /></figure></div>



<p>Als Mediator bin ich neutral und allparteilich.<br>Meine Aufgabe als Mediator ist es, einen Weg für konstruktive Verhandlungen aufzuzeigen, einen für die Kommunikation förderlichen Rahmen zu schaffen, zu strukturieren, zu entwirren, zur (Selbst-)Klärung beizutragen und schließlich Hilfe bei der Suche nach interessengerechten Lösungen zu leisten. </p>



<p>Als Mediator bin ich vorwiegend in folgenden Bereichen tätig:</p>



<p>  Mediation im innerbetrieblichen Bereich          <br>  Moderation von “heiklen” Feedbackgesprächen<br>  Implementierung von Mediation/Kommunikation in Unternehmen<br>  <br>Meine Vorlesungsunterlagen zur Mediation finden Sie <a rel="noreferrer noopener" aria-label=" (öffnet in neuem Tab)" href="http://2020.sadlo.eu/wp-content/uploads/2020/01/Skript-Sommersemester-2019-Stand-18.03.2019.pdf" target="_blank">hier</a> und meine Gedanken zu  Kommunikations- und Verhandlungstrainings <a rel="noreferrer noopener" aria-label=" (öffnet in neuem Tab)" href="http://2020.sadlo.eu/wp-content/uploads/2020/01/140626_Abschlussarbeit-komplett.pdf" target="_blank">hier</a>.</p>

<p>Als Mediator bin ich neutral und allparteilich.Meine Aufgabe als Mediator ist es, einen Weg für konstruktive Verhandlungen aufzuzeigen, einen für die Kommunikation förderlichen Rahmen zu schaffen, zu strukturieren, zu entwirren,&#8230;</p>

<!-- This site is optimized with the Yoast SEO plugin v27.5 - https://yoast.com/product/yoast-seo-wordpress/ -->
<title>DER MEDIATOR -</title>
<meta name="robots" content="index, follow, max-snippet:-1, max-image-preview:large, max-video-preview:-1" />
<link rel="canonical" href="https://2020.sadlo.eu/?page_id=26" />
<meta property="og:locale" content="de_DE" />
<meta property="og:type" content="article" />
<meta property="og:title" content="DER MEDIATOR -" />
<meta property="og:description" content="Als Mediator bin ich neutral und allparteilich.Meine Aufgabe als Mediator ist es, einen Weg für konstruktive Verhandlungen aufzuzeigen, einen für die Kommunikation förderlichen Rahmen zu schaffen, zu strukturieren, zu entwirren,..." />
<meta property="og:url" content="https://2020.sadlo.eu/?page_id=26" />
<meta property="og:image" content="https://2020.sadlo.eu/wp-content/uploads/2020/01/190912-Rene-Gaens-RA-Michael-Sadlo-L1050274-5-944x1024.jpg" />
<meta name="twitter:card" content="summary_large_image" />
<script type="application/ld+json" class="yoast-schema-graph">{"@context":"https:\/\/schema.org","@graph":[{"@type":"WebPage","@id":"https:\/\/2020.sadlo.eu\/?page_id=26","url":"https:\/\/2020.sadlo.eu\/?page_id=26","name":"DER MEDIATOR -","isPartOf":{"@id":"https:\/\/2020.sadlo.eu\/#website"},"primaryImageOfPage":{"@id":"https:\/\/2020.sadlo.eu\/?page_id=26#primaryimage"},"image":{"@id":"https:\/\/2020.sadlo.eu\/?page_id=26#primaryimage"},"thumbnailUrl":"https:\/\/2020.sadlo.eu\/wp-content\/uploads\/2020\/01\/190912-Rene-Gaens-RA-Michael-Sadlo-L1050274-5-944x1024.jpg","datePublished":"2020-01-20T09:41:00+00:00","breadcrumb":{"@id":"https:\/\/2020.sadlo.eu\/?page_id=26#breadcrumb"},"inLanguage":"de","potentialAction":[{"@type":"ReadAction","target":["https:\/\/2020.sadlo.eu\/?page_id=26"]}]},{"@type":"ImageObject","inLanguage":"de","@id":"https:\/\/2020.sadlo.eu\/?page_id=26#primaryimage","url":"https:\/\/2020.sadlo.eu\/wp-content\/uploads\/2020\/01\/190912-Rene-Gaens-RA-Michael-Sadlo-L1050274-5-944x1024.jpg","contentUrl":"https:\/\/2020.sadlo.eu\/wp-content\/uploads\/2020\/01\/190912-Rene-Gaens-RA-Michael-Sadlo-L1050274-5-944x1024.jpg"},{"@type":"BreadcrumbList","@id":"https:\/\/2020.sadlo.eu\/?page_id=26#breadcrumb","itemListElement":[{"@type":"ListItem","position":1,"name":"Startseite","item":"https:\/\/2020.sadlo.eu\/"},{"@type":"ListItem","position":2,"name":"DER MEDIATOR"}]},{"@type":"WebSite","@id":"https:\/\/2020.sadlo.eu\/#website","url":"https:\/\/2020.sadlo.eu\/","name":"","description":"","publisher":{"@id":"https:\/\/2020.sadlo.eu\/#organization"},"potentialAction":[{"@type":"SearchAction","target":{"@type":"EntryPoint","urlTemplate":"https:\/\/2020.sadlo.eu\/?s={search_term_string}"},"query-input":{"@type":"PropertyValueSpecification","valueRequired":true,"valueName":"search_term_string"}}],"inLanguage":"de"},{"@type":"Organization","@id":"https:\/\/2020.sadlo.eu\/#organization","name":"RA Michael Sadlo","url":"https:\/\/2020.sadlo.eu\/","logo":{"@type":"ImageObject","inLanguage":"de","@id":"https:\/\/2020.sadlo.eu\/#\/schema\/logo\/image\/","url":"https:\/\/2020.sadlo.eu\/wp-content\/uploads\/2020\/01\/190912-Rene-Gaens-RA-Michael-Sadlo-L1050274-6-scaled.jpg","contentUrl":"https:\/\/2020.sadlo.eu\/wp-content\/uploads\/2020\/01\/190912-Rene-Gaens-RA-Michael-Sadlo-L1050274-6-scaled.jpg","width":2361,"height":2560,"caption":"RA Michael Sadlo"},"image":{"@id":"https:\/\/2020.sadlo.eu\/#\/schema\/logo\/image\/"}}]}</script>
<!-- / Yoast SEO plugin. -->

Als Mediator bin ich neutral und allparteilich.Meine Aufgabe als Mediator ist es, einen Weg für konstruktive Verhandlungen aufzuzeigen, einen für die Kommunikation förderlichen Rahmen zu schaffen, zu strukturieren, zu entwirren,...
